{"id":2787,"date":"2023-09-01T18:51:31","date_gmt":"2023-09-01T16:51:31","guid":{"rendered":"https:\/\/pimeef.predev.eu\/aviso-legal\/"},"modified":"2023-11-20T23:08:25","modified_gmt":"2023-11-20T21:08:25","slug":"aviso-legal","status":"publish","type":"page","link":"https:\/\/comerciodeibiza.com\/es\/aviso-legal\/","title":{"rendered":"Aviso Legal"},"content":{"rendered":"\t\t<div data-elementor-type=\"wp-page\" data-elementor-id=\"2787\" class=\"elementor elementor-2787 elementor-2737\">\n\t\t\t\t\t\t\t\t\t<section class=\"elementor-section elementor-top-section elementor-element elementor-element-72a54f38 elementor-section-boxed elementor-section-height-default elementor-section-height-default row-top\" data-id=\"72a54f38\" data-element_type=\"section\" data-settings=\"{&quot;background_background&quot;:&quot;classic&quot;}\">\n\t\t\t\t\t\t<div class=\"elementor-container elementor-column-gap-default\">\n\t\t\t\t\t<div class=\"elementor-column elementor-col-100 elementor-top-column elementor-element elementor-element-14ba6d03 column-style-top\" data-id=\"14ba6d03\" data-element_type=\"column\">\n\t\t\t<div class=\"elementor-widget-wrap elementor-element-populated\">\n\t\t\t\t\t\t\t\t<div class=\"elementor-element elementor-element-5e9857d1 elementor-widget elementor-widget-heading\" data-id=\"5e9857d1\" data-element_type=\"widget\" data-widget_type=\"heading.default\">\n\t\t\t\t<div class=\"elementor-widget-container\">\n\t\t\t<style>\/*! elementor - v3.16.0 - 20-09-2023 *\/\n.elementor-heading-title{padding:0;margin:0;line-height:1}.elementor-widget-heading .elementor-heading-title[class*=elementor-size-]>a{color:inherit;font-size:inherit;line-height:inherit}.elementor-widget-heading .elementor-heading-title.elementor-size-small{font-size:15px}.elementor-widget-heading .elementor-heading-title.elementor-size-medium{font-size:19px}.elementor-widget-heading .elementor-heading-title.elementor-size-large{font-size:29px}.elementor-widget-heading .elementor-heading-title.elementor-size-xl{font-size:39px}.elementor-widget-heading .elementor-heading-title.elementor-size-xxl{font-size:59px}<\/style><h2 class=\"elementor-heading-title elementor-size-default\">Aviso Legal<\/h2>\t\t<\/div>\n\t\t\t\t<\/div>\n\t\t\t\t\t<\/div>\n\t\t<\/div>\n\t\t\t\t\t\t\t<\/div>\n\t\t<\/section>\n\t\t\t\t<section class=\"elementor-section elementor-top-section elementor-element elementor-element-177f7571 elementor-section-boxed elementor-section-height-default elementor-section-height-default row-top\" data-id=\"177f7571\" data-element_type=\"section\">\n\t\t\t\t\t\t<div class=\"elementor-container elementor-column-gap-default\">\n\t\t\t\t\t<div class=\"elementor-column elementor-col-100 elementor-top-column elementor-element elementor-element-31af9a0d column-style-top\" data-id=\"31af9a0d\" data-element_type=\"column\">\n\t\t\t<div class=\"elementor-widget-wrap elementor-element-populated\">\n\t\t\t\t\t\t\t\t<div class=\"elementor-element elementor-element-26e2ebe8 elementor-widget elementor-widget-text-editor\" data-id=\"26e2ebe8\" data-element_type=\"widget\" data-widget_type=\"text-editor.default\">\n\t\t\t\t<div class=\"elementor-widget-container\">\n\t\t\t<style>\/*! elementor - v3.16.0 - 20-09-2023 *\/\n.elementor-widget-text-editor.elementor-drop-cap-view-stacked .elementor-drop-cap{background-color:#69727d;color:#fff}.elementor-widget-text-editor.elementor-drop-cap-view-framed .elementor-drop-cap{color:#69727d;border:3px solid;background-color:transparent}.elementor-widget-text-editor:not(.elementor-drop-cap-view-default) .elementor-drop-cap{margin-top:8px}.elementor-widget-text-editor:not(.elementor-drop-cap-view-default) .elementor-drop-cap-letter{width:1em;height:1em}.elementor-widget-text-editor .elementor-drop-cap{float:left;text-align:center;line-height:1;font-size:50px}.elementor-widget-text-editor .elementor-drop-cap-letter{display:inline-block}<\/style>\t\t\t\t<h2>AV\u00cdSO LEGAL<\/h2><p>El responsable de esta p\u00e1gina web es: PIMEEF &#8211; PEQUE\u00d1A Y MEDIANA EMPRESA DE IBIZA Y FORMENTERA, con C.I.F. V07103880 y domicilio social en Avenida Espa\u00f1a, 18-20, 1\u00ba piso, 07800, Ibiza (ILLES BALEARS). Tambi\u00e9n puedes contactar con nosotros con el n\u00famero de tel\u00e9fono 971302911 o a trav\u00e9s del siguiente correo electr\u00f3nico: <a style=\"color: #06471c;\" href=\"mailto:info@pimeef.com\"><strong>info@pimeef.com<\/strong><\/a><\/p><h3>Propiedad Intelectual e Industrial<\/h3><p>El dise\u00f1o de este sitio web y sus c\u00f3digos fuente, as\u00ed como los logos, marcas y otros signos distintivos que aparecen pertenecen a PIMEEF &#8211; PEQUE\u00d1A Y MEDIANA EMPRESA DE IBIZA Y FORMENTERA, est\u00e1n protegidos por los correspondientes derechos de propiedad intelectual e industrial.<\/p><h3>Responsabilidad de los contenidos<\/h3><p>PIMEEF &#8211; PEQUE\u00d1A Y MEDIANA EMPRESA DE IBIZA Y FORMENTERA no se hace responsable de la legalidad de otros sitios web de terceros desde los que se pueda acceder a esta web. PIMEEF &#8211; PEQUE\u00d1A Y MEDIANA EMPRESA DE IBIZA Y FORMENTERA tampoco responde por la legalidad de otros sitios web de terceros, que pudieran estar vinculados o enlazados desde esta web. PIMEEF &#8211; PEQUE\u00d1A Y MEDIANA EMPRESA DE IBIZA Y FORMENTERA se reserva el derecho a realizar cambios en el sitio web sin previo aviso, a fin de mantener actualizada su informaci\u00f3n, a\u00f1adiendo, modificando, corrigiendo o eliminando los contenidos publicados o el dise\u00f1o del portal. PIMEEF &#8211; PEQUE\u00d1A Y MEDIANA EMPRESA DE IBIZA Y FORMENTERA no ser\u00e1 responsable del uso que terceros hagan de la informaci\u00f3n publicada en el portal, ni tampoco de los da\u00f1os sufridos o p\u00e9rdidas econ\u00f3micas que, de forma directa o indirecta, produzcan o puedan producir perjuicios econ\u00f3micos , materiales o sobre datos, provocados por el uso de esta informaci\u00f3n.<\/p><h3>Reproducci\u00f3n de contenidos<\/h3><p>Se proh\u00edbe la reproducci\u00f3n total o parcial de los contenidos publicados en esta web sin la autorizaci\u00f3n previa y por escrito de PIMEEF &#8211; PEQUE\u00d1A Y MEDIANA EMPRESA DE IBIZA Y FORMENTERA. Toda la informaci\u00f3n relativa a privacidad, la tienes en nuestra <strong><a style=\"color: #06471c;\" href=\"https:\/\/comerciodeibiza.com\/es\/politica-de-privacidad\/\">Pol\u00edtica de Privacidad<\/a><\/strong>.<\/p>\t\t\t\t\t\t<\/div>\n\t\t\t\t<\/div>\n\t\t\t\t\t<\/div>\n\t\t<\/div>\n\t\t\t\t\t\t\t<\/div>\n\t\t<\/section>\n\t\t\t\t\t\t\t<\/div>\n\t\t","protected":false},"excerpt":{"rendered":"<p>Aviso Legal AV\u00cdSO LEGAL El responsable de esta p\u00e1gina web es: PIMEEF &#8211; PEQUE\u00d1A Y MEDIANA EMPRESA DE IBIZA Y FORMENTERA, con C.I.F. V07103880 y domicilio social en Avenida Espa\u00f1a, [&hellip;]<\/p>\n","protected":false},"author":2,"featured_media":0,"parent":0,"menu_order":0,"comment_status":"closed","ping_status":"closed","template":"elementor_header_footer","meta":{"footnotes":""},"class_list":["post-2787","page","type-page","status-publish","hentry"],"_links":{"self":[{"href":"https:\/\/comerciodeibiza.com\/es\/wp-json\/wp\/v2\/pages\/2787","targetHints":{"allow":["GET"]}}],"collection":[{"href":"https:\/\/comerciodeibiza.com\/es\/wp-json\/wp\/v2\/pages"}],"about":[{"href":"https:\/\/comerciodeibiza.com\/es\/wp-json\/wp\/v2\/types\/page"}],"author":[{"embeddable":true,"href":"https:\/\/comerciodeibiza.com\/es\/wp-json\/wp\/v2\/users\/2"}],"replies":[{"embeddable":true,"href":"https:\/\/comerciodeibiza.com\/es\/wp-json\/wp\/v2\/comments?post=2787"}],"version-history":[{"count":14,"href":"https:\/\/comerciodeibiza.com\/es\/wp-json\/wp\/v2\/pages\/2787\/revisions"}],"predecessor-version":[{"id":4169,"href":"https:\/\/comerciodeibiza.com\/es\/wp-json\/wp\/v2\/pages\/2787\/revisions\/4169"}],"wp:attachment":[{"href":"https:\/\/comerciodeibiza.com\/es\/wp-json\/wp\/v2\/media?parent=2787"}],"curies":[{"name":"wp","href":"https:\/\/api.w.org\/{rel}","templated":true}]}}

<div data-elementor-type="wp-page" data-elementor-id="2787" class="elementor elementor-2787 elementor-2737">
									<section class="elementor-section elementor-top-section elementor-element elementor-element-72a54f38 elementor-section-boxed elementor-section-height-default elementor-section-height-default row-top" data-id="72a54f38" data-element_type="section" data-settings="{&quot;background_background&quot;:&quot;classic&quot;}">
						<div class="elementor-container elementor-column-gap-default">
					<div class="elementor-column elementor-col-100 elementor-top-column elementor-element elementor-element-14ba6d03 column-style-top" data-id="14ba6d03" data-element_type="column">
			<div class="elementor-widget-wrap elementor-element-populated">
								<div class="elementor-element elementor-element-5e9857d1 elementor-widget elementor-widget-heading" data-id="5e9857d1" data-element_type="widget" data-widget_type="heading.default">
				<div class="elementor-widget-container">
			<style>/*! elementor - v3.16.0 - 20-09-2023 */
.elementor-heading-title{padding:0;margin:0;line-height:1}.elementor-widget-heading .elementor-heading-title[class*=elementor-size-]>a{color:inherit;font-size:inherit;line-height:inherit}.elementor-widget-heading .elementor-heading-title.elementor-size-small{font-size:15px}.elementor-widget-heading .elementor-heading-title.elementor-size-medium{font-size:19px}.elementor-widget-heading .elementor-heading-title.elementor-size-large{font-size:29px}.elementor-widget-heading .elementor-heading-title.elementor-size-xl{font-size:39px}.elementor-widget-heading .elementor-heading-title.elementor-size-xxl{font-size:59px}</style><h2 class="elementor-heading-title elementor-size-default">Aviso Legal</h2>		</div>
				</div>
					</div>
		</div>
							</div>
		</section>
				<section class="elementor-section elementor-top-section elementor-element elementor-element-177f7571 elementor-section-boxed elementor-section-height-default elementor-section-height-default row-top" data-id="177f7571" data-element_type="section">
						<div class="elementor-container elementor-column-gap-default">
					<div class="elementor-column elementor-col-100 elementor-top-column elementor-element elementor-element-31af9a0d column-style-top" data-id="31af9a0d" data-element_type="column">
			<div class="elementor-widget-wrap elementor-element-populated">
								<div class="elementor-element elementor-element-26e2ebe8 elementor-widget elementor-widget-text-editor" data-id="26e2ebe8" data-element_type="widget" data-widget_type="text-editor.default">
				<div class="elementor-widget-container">
			<style>/*! elementor - v3.16.0 - 20-09-2023 */
.elementor-widget-text-editor.elementor-drop-cap-view-stacked .elementor-drop-cap{background-color:#69727d;color:#fff}.elementor-widget-text-editor.elementor-drop-cap-view-framed .elementor-drop-cap{color:#69727d;border:3px solid;background-color:transparent}.elementor-widget-text-editor:not(.elementor-drop-cap-view-default) .elementor-drop-cap{margin-top:8px}.elementor-widget-text-editor:not(.elementor-drop-cap-view-default) .elementor-drop-cap-letter{width:1em;height:1em}.elementor-widget-text-editor .elementor-drop-cap{float:left;text-align:center;line-height:1;font-size:50px}.elementor-widget-text-editor .elementor-drop-cap-letter{display:inline-block}</style>				<h2>AVÍSO LEGAL</h2><p>El responsable de esta página web es: PIMEEF &#8211; PEQUEÑA Y MEDIANA EMPRESA DE IBIZA Y FORMENTERA, con C.I.F. V07103880 y domicilio social en Avenida España, 18-20, 1º piso, 07800, Ibiza (ILLES BALEARS). También puedes contactar con nosotros con el número de teléfono 971302911 o a través del siguiente correo electrónico: <a style="color: #06471c;" href="mailto:info@pimeef.com"><strong>info@pimeef.com</strong></a></p><h3>Propiedad Intelectual e Industrial</h3><p>El diseño de este sitio web y sus códigos fuente, así como los logos, marcas y otros signos distintivos que aparecen pertenecen a PIMEEF &#8211; PEQUEÑA Y MEDIANA EMPRESA DE IBIZA Y FORMENTERA, están protegidos por los correspondientes derechos de propiedad intelectual e industrial.</p><h3>Responsabilidad de los contenidos</h3><p>PIMEEF &#8211; PEQUEÑA Y MEDIANA EMPRESA DE IBIZA Y FORMENTERA no se hace responsable de la legalidad de otros sitios web de terceros desde los que se pueda acceder a esta web. PIMEEF &#8211; PEQUEÑA Y MEDIANA EMPRESA DE IBIZA Y FORMENTERA tampoco responde por la legalidad de otros sitios web de terceros, que pudieran estar vinculados o enlazados desde esta web. PIMEEF &#8211; PEQUEÑA Y MEDIANA EMPRESA DE IBIZA Y FORMENTERA se reserva el derecho a realizar cambios en el sitio web sin previo aviso, a fin de mantener actualizada su información, añadiendo, modificando, corrigiendo o eliminando los contenidos publicados o el diseño del portal. PIMEEF &#8211; PEQUEÑA Y MEDIANA EMPRESA DE IBIZA Y FORMENTERA no será responsable del uso que terceros hagan de la información publicada en el portal, ni tampoco de los daños sufridos o pérdidas económicas que, de forma directa o indirecta, produzcan o puedan producir perjuicios económicos , materiales o sobre datos, provocados por el uso de esta información.</p><h3>Reproducción de contenidos</h3><p>Se prohíbe la reproducción total o parcial de los contenidos publicados en esta web sin la autorización previa y por escrito de PIMEEF &#8211; PEQUEÑA Y MEDIANA EMPRESA DE IBIZA Y FORMENTERA. Toda la información relativa a privacidad, la tienes en nuestra <strong><a style="color: #06471c;" href="https://comerciodeibiza.com/es/politica-de-privacidad/">Política de Privacidad</a></strong>.</p>						</div>
				</div>
					</div>
		</div>
							</div>
		</section>
							</div>

<p>Aviso Legal AVÍSO LEGAL El responsable de esta página web es: PIMEEF &#8211; PEQUEÑA Y MEDIANA EMPRESA DE IBIZA Y FORMENTERA, con C.I.F. V07103880 y domicilio social en Avenida España, [&hellip;]</p>
